{"id":937,"date":"2017-11-15T09:39:39","date_gmt":"2017-11-15T07:39:39","guid":{"rendered":"http:\/\/akisikfiltre.com.tr\/2017\/?page_id=937"},"modified":"2017-11-15T09:59:25","modified_gmt":"2017-11-15T07:59:25","slug":"bavaria-filtre","status":"publish","type":"page","link":"https:\/\/akisikfiltre.com.tr\/index.php\/bavaria-filtre\/","title":{"rendered":"BAVAR\u0130A F\u0130LTRE"},"content":{"rendered":"<p>[vc_row full_width=&#8221;stretch_row&#8221; css=&#8221;.vc_custom_1510731575652{margin-top: -20px !important;margin-bottom: -10px !important;padding-top: 10px !important;background-color: #000000 !important;}&#8221;][vc_column][vc_column_text css=&#8221;.vc_custom_1510732695681{margin-top: 10px !important;margin-bottom: 10px !important;}&#8221;]<\/p>\n<h2><span style=\"color: white;\">BAVAR\u0130A F\u0130LTRE<\/span><\/h2>\n<p>[\/vc_column_text][\/vc_column][\/vc_row][vc_row][vc_column width=&#8221;1\/4&#8243; css=&#8221;.vc_custom_1506342808023{background-position: center !important;background-repeat: no-repeat !important;background-size: contain !important;}&#8221;][vc_wp_custommenu title=&#8221;F\u0130LTRELER&#8221; nav_menu=&#8221;14&#8243;][\/vc_column][vc_column width=&#8221;3\/4&#8243;][vc_column_text]<img loading=\"lazy\" class=\"size-medium wp-image-938 alignleft\" src=\"http:\/\/akisikfiltre.com.tr\/2017\/wp-content\/uploads\/2017\/11\/bavariai\u00e7-300x235.jpg\" alt=\"\" width=\"300\" height=\"235\" \/>Firmam\u0131z 2004 y\u0131l\u0131nda d\u00fcnyan\u0131n dev filtre \u00fcreticisi Amerikan men\u015feli Baldwin Filtreleri&#8217;nin m\u00fcmessilli\u011fini alm\u0131\u015ft\u0131r.1936 y\u0131l\u0131nda kurulmu\u015f olan Baldwin Firmas\u0131 5500 \u00e7e\u015fit filtrenin \u00fcretimini yapmaktad\u0131r.Baldwin Filtreleri&#8217;nin amac\u0131 orijinal filtre spesifikasyonlar\u0131na ula\u015fmakt\u0131r. Bu sebepten dolay\u0131 yan sanayi \u00fcretiminin yan\u0131nda bir\u00e7ok i\u015f makinesi \u00fcreticisine orijinal olarak filtre \u00fcretmektedir.<\/p>\n<p>QS 9000 ve ISO 9001 standartlar\u0131nda \u00fcretim yap\u0131lmaktad\u0131r. Geni\u015f \u00fcr\u00fcn \u00e7e\u015fitlerimiz, her \u00e7e\u015fit i\u015f makineleri offroad kamyon, t\u0131r, makine, jenerat\u00f6r ekipmanlar\u0131n\u0131n filtre ihtiyac\u0131n\u0131 kar\u015f\u0131lamaktad\u0131r. A\u011f\u0131r hizmet sekt\u00f6r\u00fcnden elde etti\u011fimiz tecr\u00fcbeler \u0131\u015f\u0131\u011f\u0131nda binek otolar\u0131 ve hafif ticari ara\u00e7lar i\u00e7inde filtre \u00fcretmekteyiz.Baldwin Amerikan Clarcor Holding&#8217;e ba\u011fl\u0131 bir firma olup New York borsas\u0131nda i\u015flem g\u00f6ren bir kurulu\u015ftur. Firmam\u0131z\u0131n amac\u0131 siz m\u00fc\u015fterilerimize komple filtre \u00e7\u00f6z\u00fcm\u00fc sunmak[\/vc_column_text][\/vc_column][\/vc_row][vc_row][vc_column width=&#8221;1\/2&#8243;][\/vc_column][vc_column width=&#8221;1\/2&#8243; css=&#8221;.vc_custom_1505900358751{margin-left: -50px !important;}&#8221;][\/vc_column][\/vc_row]<\/p>\n","protected":false},"excerpt":{"rendered":"<p>[vc_row full_width=&#8221;stretch_row&#8221; css=&#8221;.vc_custom_1510731575652{margin-top: -20px !important;margin-bottom: -10px !important;padding-top: 10px !important;background-color: #000000 !important;}&#8221;][vc_column][vc_column_text css=&#8221;.vc_custom_1510732695681{margin-top: 10px !important;margin-bottom: 10px !important;}&#8221;] BAVAR\u0130A F\u0130LTRE [\/vc_column_text][\/vc_column][\/vc_row][vc_row][vc_column width=&#8221;1\/4&#8243; css=&#8221;.vc_custom_1506342808023{background-position: center !important;background-repeat: no-repeat !important;background-size: contain !important;}&#8221;][vc_wp_custommenu title=&#8221;F\u0130LTRELER&#8221; nav_menu=&#8221;14&#8243;][\/vc_column][vc_column width=&#8221;3\/4&#8243;][vc_column_text]Firmam\u0131z 2004 y\u0131l\u0131nda d\u00fcnyan\u0131n dev filtre \u00fcreticisi Amerikan men\u015feli Baldwin Filtreleri&#8217;nin m\u00fcmessilli\u011fini alm\u0131\u015ft\u0131r.1936 y\u0131l\u0131nda kurulmu\u015f olan Baldwin Firmas\u0131 5500 \u00e7e\u015fit filtrenin \u00fcretimini yapmaktad\u0131r.Baldwin Filtreleri&#8217;nin amac\u0131 orijinal [&hellip;]<\/p>\n","protected":false},"author":1,"featured_media":0,"parent":0,"menu_order":0,"comment_status":"closed","ping_status":"closed","template":"","meta":[],"_links":{"self":[{"href":"https:\/\/akisikfiltre.com.tr\/index.php\/wp-json\/wp\/v2\/pages\/937"}],"collection":[{"href":"https:\/\/akisikfiltre.com.tr\/index.php\/wp-json\/wp\/v2\/pages"}],"about":[{"href":"https:\/\/akisikfiltre.com.tr\/index.php\/wp-json\/wp\/v2\/types\/page"}],"author":[{"embeddable":true,"href":"https:\/\/akisikfiltre.com.tr\/index.php\/wp-json\/wp\/v2\/users\/1"}],"replies":[{"embeddable":true,"href":"https:\/\/akisikfiltre.com.tr\/index.php\/wp-json\/wp\/v2\/comments?post=937"}],"version-history":[{"count":4,"href":"https:\/\/akisikfiltre.com.tr\/index.php\/wp-json\/wp\/v2\/pages\/937\/revisions"}],"predecessor-version":[{"id":950,"href":"https:\/\/akisikfiltre.com.tr\/index.php\/wp-json\/wp\/v2\/pages\/937\/revisions\/950"}],"wp:attachment":[{"href":"https:\/\/akisikfiltre.com.tr\/index.php\/wp-json\/wp\/v2\/media?parent=937"}],"curies":[{"name":"wp","href":"https:\/\/api.w.org\/{rel}","templated":true}]}}