{"id":832,"date":"2017-09-26T19:18:35","date_gmt":"2017-09-26T16:18:35","guid":{"rendered":"http:\/\/akisikfiltre.com.tr\/2017\/?page_id=832"},"modified":"2017-09-26T19:52:08","modified_gmt":"2017-09-26T16:52:08","slug":"yag-filtresi","status":"publish","type":"page","link":"https:\/\/akisikfiltre.com.tr\/index.php\/yag-filtresi\/","title":{"rendered":"YA\u011e F\u0130LTRES\u0130"},"content":{"rendered":"<p>[vc_row][vc_column width=&#8221;1\/2&#8243; css=&#8221;.vc_custom_1506444726298{margin-right: -70px !important;}&#8221;][vc_single_image image=&#8221;798&#8243; img_size=&#8221;300X250&#8243; onclick=&#8221;link_image&#8221; hover_effect=&#8221;yes&#8221;][\/vc_column][vc_column width=&#8221;1\/2&#8243;][vc_column_text]Daha fazla performans, daha az t\u00fcketim &#8211; Otomobil \u00fcreticileri, modern motorlarla ilgili y\u00fcksek talepleri kar\u015f\u0131layabilmek i\u00e7in kullan\u0131lan motor bile\u015fenlerinde mutlak surette en y\u00fcksek performans\u0131 talep ediyor. Bu noktada ya\u011f devresi can al\u0131c\u0131 \u00f6neme sahiptir \u00e7\u00fcnk\u00fc sadece temiz motor ya\u011f\u0131 tutarl\u0131 motor performans\u0131n\u0131 s\u00fcrekli olarak sa\u011flayabilir. E\u011fer devridaim yapan ya\u011f s\u00fcrekli olarak kirlerden ve yanma art\u0131klar\u0131ndan ar\u0131nd\u0131r\u0131lmazsa, a\u015f\u0131nmaya kar\u015f\u0131 koruma daha fazla garanti edilemez. Bu durum, en k\u00f6t\u00fc senaryonun ger\u00e7ekle\u015fmesi halinde, motora bile zarar verebilir.<\/p>\n<p>Bir ya\u011f filtresi se\u00e7erken risk almak istemiyorsan\u0131z AKI\u015eIK Filtreyi se\u00e7in. Bu filtreler modern y\u00fcksek performansl\u0131 ya\u011flar i\u00e7in tasarlanm\u0131\u015f olup en talepkar teknik ko\u015fullarda dahi sa\u011flam kalabilir. Ya\u011f filtrelerinin uygulama alanlar\u0131 ve bunlardan olan beklentiler de\u011fi\u015fiklik g\u00f6sterdi\u011fi i\u00e7in,ya\u011f filtreleri farkl\u0131 tasar\u0131mlarda mevcuttur.[\/vc_column_text][\/vc_column][\/vc_row][vc_row][vc_column][\/vc_column][\/vc_row]<\/p>\n","protected":false},"excerpt":{"rendered":"<p>[vc_row][vc_column width=&#8221;1\/2&#8243; css=&#8221;.vc_custom_1506444726298{margin-right: -70px !important;}&#8221;][vc_single_image image=&#8221;798&#8243; img_size=&#8221;300X250&#8243; onclick=&#8221;link_image&#8221; hover_effect=&#8221;yes&#8221;][\/vc_column][vc_column width=&#8221;1\/2&#8243;][vc_column_text]Daha fazla performans, daha az t\u00fcketim &#8211; Otomobil \u00fcreticileri, modern motorlarla ilgili y\u00fcksek talepleri kar\u015f\u0131layabilmek i\u00e7in kullan\u0131lan motor bile\u015fenlerinde mutlak surette en y\u00fcksek performans\u0131 talep ediyor. Bu noktada ya\u011f devresi can al\u0131c\u0131 \u00f6neme sahiptir \u00e7\u00fcnk\u00fc sadece temiz motor ya\u011f\u0131 tutarl\u0131 motor performans\u0131n\u0131 s\u00fcrekli olarak sa\u011flayabilir. E\u011fer [&hellip;]<\/p>\n","protected":false},"author":1,"featured_media":0,"parent":0,"menu_order":0,"comment_status":"closed","ping_status":"closed","template":"","meta":[],"_links":{"self":[{"href":"https:\/\/akisikfiltre.com.tr\/index.php\/wp-json\/wp\/v2\/pages\/832"}],"collection":[{"href":"https:\/\/akisikfiltre.com.tr\/index.php\/wp-json\/wp\/v2\/pages"}],"about":[{"href":"https:\/\/akisikfiltre.com.tr\/index.php\/wp-json\/wp\/v2\/types\/page"}],"author":[{"embeddable":true,"href":"https:\/\/akisikfiltre.com.tr\/index.php\/wp-json\/wp\/v2\/users\/1"}],"replies":[{"embeddable":true,"href":"https:\/\/akisikfiltre.com.tr\/index.php\/wp-json\/wp\/v2\/comments?post=832"}],"version-history":[{"count":2,"href":"https:\/\/akisikfiltre.com.tr\/index.php\/wp-json\/wp\/v2\/pages\/832\/revisions"}],"predecessor-version":[{"id":853,"href":"https:\/\/akisikfiltre.com.tr\/index.php\/wp-json\/wp\/v2\/pages\/832\/revisions\/853"}],"wp:attachment":[{"href":"https:\/\/akisikfiltre.com.tr\/index.php\/wp-json\/wp\/v2\/media?parent=832"}],"curies":[{"name":"wp","href":"https:\/\/api.w.org\/{rel}","templated":true}]}}