{"id":648,"date":"2017-09-18T16:27:16","date_gmt":"2017-09-18T13:27:16","guid":{"rendered":"http:\/\/akisikfiltre.com.tr\/2017\/?page_id=648"},"modified":"2017-10-16T12:18:16","modified_gmt":"2017-10-16T09:18:16","slug":"mann-filtre","status":"publish","type":"page","link":"http:\/\/akisikfiltre.com.tr\/index.php\/mann-filtre\/","title":{"rendered":"MANN F\u0130LTRE"},"content":{"rendered":"<p>[vc_row full_width=&#8221;stretch_row&#8221; css=&#8221;.vc_custom_1506327378189{margin-top: -20px !important;margin-bottom: -10px !important;padding-top: 10px !important;background-color: #186526 !important;}&#8221;][vc_column][vc_column_text css=&#8221;.vc_custom_1506342771989{margin-top: 10px !important;margin-bottom: 10px !important;}&#8221;]<\/p>\n<h2><span style=\"color: white;\">MANN F\u0130LTRE<\/span><\/h2>\n<p>[\/vc_column_text][\/vc_column][\/vc_row][vc_row][vc_column width=&#8221;1\/4&#8243; css=&#8221;.vc_custom_1506342795764{background-position: center !important;background-repeat: no-repeat !important;background-size: contain !important;}&#8221;][vc_wp_custommenu title=&#8221;F\u0130LTRELER&#8221; nav_menu=&#8221;14&#8243;][\/vc_column][vc_column width=&#8221;3\/4&#8243;][vc_row_inner][vc_column_inner width=&#8221;1\/2&#8243;][vc_single_image image=&#8221;756&#8243; img_size=&#8221;full&#8221; onclick=&#8221;link_image&#8221; css_animation=&#8221;top-to-bottom&#8221;][\/vc_column_inner][vc_column_inner width=&#8221;1\/2&#8243;][vc_column_text]Filtre de\u011fi\u015ftirirken motor performans\u0131, yak\u0131t tasarrufu, motor korumas\u0131 ve kabin hava kalitesi hususlar\u0131nda m\u00fc\u015fterilerinize s\u00fcrekli olarak en iyi sonu\u00e7lar\u0131 sunmak istiyorsan\u0131z MANN-FILTER&#8217;\u0131n denenmi\u015f ve test edilmi\u015f en kaliteli \u00fcr\u00fcnlerini satmakday\u0131z.<\/p>\n<p>MANN-FILTER filtreleri; performanslar\u0131, uzun \u00e7al\u0131\u015fma \u00f6m\u00fcrleri ve g\u00fcvenilirlikleri ile d\u00fcnyan\u0131n her yerindeki ara\u00e7 s\u00fcr\u00fcc\u00fclerini etkilemektedir. Fakat benzersiz olan sadece \u00fcr\u00fcnlerimiz de\u011fildir; hizmet gam\u0131m\u0131z da sizin i\u00e7in faydal\u0131 olacakt\u0131r.<\/p>\n<p>[\/vc_column_text][\/vc_column_inner][\/vc_row_inner][vc_row_inner][vc_column_inner width=&#8221;1\/2&#8243;][vc_single_image image=&#8221;752&#8243; img_size=&#8221;full&#8221; onclick=&#8221;link_image&#8221; css_animation=&#8221;top-to-bottom&#8221;][\/vc_column_inner][vc_column_inner width=&#8221;1\/2&#8243;][vc_column_text]<strong>MANN-FILTER HAVA F\u0130LTRELER\u0130<\/strong><\/p>\n<p>Temiz hava. Maksimum g\u00fcvenilirlik.<br \/>\n\u0130\u00e7ten yanmal\u0131 motorlarda optimum performans sa\u011flamak i\u00e7in temiz emme havas\u0131na ihtiya\u00e7 duyulur. \u0130s ya da toz gibi havada bulunan kirleticilerin yanma odas\u0131na girmesi halinde silindir ba\u015fl\u0131klar\u0131nda a\u015f\u0131nma meydana gelebilir, bu da motorun erken a\u015f\u0131nmas\u0131na yol a\u00e7abilir. Emme ve yanma odas\u0131 aras\u0131nda bulunan elektronik par\u00e7alar\u0131n i\u015fleyi\u015fi de \u00f6nemli \u00f6l\u00e7\u00fcde zarar g\u00f6rebilir.[\/vc_column_text][\/vc_column_inner][\/vc_row_inner][\/vc_column][\/vc_row][vc_row][vc_column width=&#8221;1\/4&#8243; css=&#8221;.vc_custom_1506342795764{background-position: center !important;background-repeat: no-repeat !important;background-size: contain !important;}&#8221;][\/vc_column][vc_column width=&#8221;3\/4&#8243;][vc_row_inner][vc_column_inner width=&#8221;1\/2&#8243;][vc_column_text]Hava filtreleri, tam performans i\u00e7in d\u00fczenli olarak kontrol edilmelidir \u00e7\u00fcnk\u00fc t\u0131kal\u0131 filtre motora havan\u0131n gitmesini engelleyecektir. Bu durumun olas\u0131 sonucu \u015fudur: yak\u0131t tam olarak yanmayabilir ve k\u0131smen hi\u00e7 kullan\u0131lmadan sistemden d\u0131\u015far\u0131 \u00e7\u0131kabilir. MANN-FILTER hava filtrelerinin bir ba\u015fka ay\u0131rt edici \u00f6zelli\u011fi de \u015fudur: y\u00fcksek toz tutma kapasitesi, t\u00fcm servis aral\u0131\u011f\u0131 boyunca g\u00fcvenilirlik sa\u011flar.[\/vc_column_text][\/vc_column_inner][vc_column_inner width=&#8221;1\/2&#8243;][vc_column_text]MANN-FILTER hava filtreleri t\u00fcm kir partik\u00fclleri i\u00e7in yolun sonunu ifade eder. MANN-FILTER hava filtreleri, en ufak partik\u00fclleri bile (toz, polen, kum, is ya da su damlalar\u0131) en geli\u015fmi\u015f kir ay\u0131rma \u00f6zelli\u011fi ve y\u00fcksek mekanik dayan\u0131m\u0131 sayesinde emme havas\u0131ndan filtreleyerek al\u0131r. Bu, yak\u0131t-hava oran\u0131n\u0131n optimum bile\u015fimini sa\u011flar ve motor performans\u0131n\u0131n istikrarl\u0131 olmas\u0131na imkan verir.[\/vc_column_text][\/vc_column_inner][\/vc_row_inner][vc_row_inner][vc_column_inner width=&#8221;1\/2&#8243;][vc_single_image image=&#8221;750&#8243; img_size=&#8221;full&#8221; onclick=&#8221;link_image&#8221; css_animation=&#8221;top-to-bottom&#8221;][\/vc_column_inner][vc_column_inner width=&#8221;1\/2&#8243;][vc_column_text]<\/p>\n<div id=\"clear\">\n<p><strong>MANN-FILTER ya\u011f filtreleri<br \/>\n<\/strong><strong><br \/>\n<\/strong>Daha fazla performans, daha az t\u00fcketim &#8211; Otomobil \u00fcreticileri, modern motorlarla ilgili y\u00fcksek talepleri kar\u015f\u0131layabilmek i\u00e7in kullan\u0131lan motor bile\u015fenlerinde mutlak surette en y\u00fcksek performans\u0131 talep ediyor. Bu noktada ya\u011f devresi can al\u0131c\u0131 \u00f6neme sahiptir \u00e7\u00fcnk\u00fc sadece temiz motor ya\u011f\u0131 tutarl\u0131 motor performans\u0131n\u0131 s\u00fcrekli olarak sa\u011flayabilir. E\u011fer devridaim yapan ya\u011f s\u00fcrekli olarak kirlerden ve yanma art\u0131klar\u0131ndan ar\u0131nd\u0131r\u0131lmazsa, a\u015f\u0131nmaya kar\u015f\u0131 koruma daha fazla garanti edilemez. Bu durum, en k\u00f6t\u00fc senaryonun ger\u00e7ekle\u015fmesi halinde, motora bile zarar verebilir.<\/p>\n<\/div>\n<p>[\/vc_column_text][\/vc_column_inner][\/vc_row_inner][\/vc_column][\/vc_row][vc_row][vc_column width=&#8221;1\/4&#8243; css=&#8221;.vc_custom_1506342795764{background-position: center !important;background-repeat: no-repeat !important;background-size: contain !important;}&#8221;][\/vc_column][vc_column width=&#8221;3\/4&#8243;][vc_row_inner][vc_column_inner width=&#8221;1\/2&#8243;][vc_single_image image=&#8221;748&#8243; img_size=&#8221;full&#8221; onclick=&#8221;link_image&#8221; css_animation=&#8221;top-to-bottom&#8221;][\/vc_column_inner][vc_column_inner width=&#8221;1\/2&#8243;][vc_column_text]<strong>MANN-FILTER yak\u0131t filtreleri<br \/>\n<\/strong><strong><br \/>\n<\/strong>MANN-FILTER yak\u0131t filtreleri hassas enjeksiyon gruplar\u0131n\u0131n y\u00fcksek taleplerine ve biyodizel gibi alternatif yak\u0131tlar\u0131n \u00f6zel niteliklerine de uyum sa\u011flar. Yak\u0131t, son derece kaliteli filtre malzemesinin kullan\u0131m\u0131yla, istenmeyen kir partik\u00fcllerinden g\u00fcvenli \u015fekilde temizlenir. Filtrelerimiz, enjeksiyon sistemlerini a\u015f\u0131nma ve korozyona kar\u015f\u0131 korur, b\u00f6ylece t\u00fcm motorun sorunsuz \u015fekilde i\u015flemesine yard\u0131mc\u0131 olur, bu masraflar\u0131n\u0131n da azalmas\u0131na yard\u0131mc\u0131 olur.[\/vc_column_text][\/vc_column_inner][\/vc_row_inner][vc_column_text]Daha g\u00fcvenilir. Daha az a\u015f\u0131nma.<br \/>\nModern y\u00fcksek performansl\u0131 enjeksiyon sistemleri, yak\u0131t kalitesi ve safl\u0131\u011f\u0131 konusunda daha hassast\u0131r. MANN-FILTER yak\u0131t filtreleri, yak\u0131tta bulunan kirli partik\u00fcllerinin ve suyun motora zarar vermesini engeller.[\/vc_column_text][\/vc_column][\/vc_row]<\/p>\n","protected":false},"excerpt":{"rendered":"<p>[vc_row full_width=&#8221;stretch_row&#8221; css=&#8221;.vc_custom_1506327378189{margin-top: -20px !important;margin-bottom: -10px !important;padding-top: 10px !important;background-color: #186526 !important;}&#8221;][vc_column][vc_column_text css=&#8221;.vc_custom_1506342771989{margin-top: 10px !important;margin-bottom: 10px !important;}&#8221;] MANN F\u0130LTRE [\/vc_column_text][\/vc_column][\/vc_row][vc_row][vc_column width=&#8221;1\/4&#8243; css=&#8221;.vc_custom_1506342795764{background-position: center !important;background-repeat: no-repeat !important;background-size: contain !important;}&#8221;][vc_wp_custommenu title=&#8221;F\u0130LTRELER&#8221; nav_menu=&#8221;14&#8243;][\/vc_column][vc_column width=&#8221;3\/4&#8243;][vc_row_inner][vc_column_inner width=&#8221;1\/2&#8243;][vc_single_image image=&#8221;756&#8243; img_size=&#8221;full&#8221; onclick=&#8221;link_image&#8221; css_animation=&#8221;top-to-bottom&#8221;][\/vc_column_inner][vc_column_inner width=&#8221;1\/2&#8243;][vc_column_text]Filtre de\u011fi\u015ftirirken motor performans\u0131, yak\u0131t tasarrufu, motor korumas\u0131 ve kabin hava kalitesi hususlar\u0131nda m\u00fc\u015fterilerinize s\u00fcrekli olarak en iyi sonu\u00e7lar\u0131 sunmak [&hellip;]<\/p>\n","protected":false},"author":1,"featured_media":0,"parent":0,"menu_order":0,"comment_status":"closed","ping_status":"closed","template":"","meta":[],"_links":{"self":[{"href":"http:\/\/akisikfiltre.com.tr\/index.php\/wp-json\/wp\/v2\/pages\/648"}],"collection":[{"href":"http:\/\/akisikfiltre.com.tr\/index.php\/wp-json\/wp\/v2\/pages"}],"about":[{"href":"http:\/\/akisikfiltre.com.tr\/index.php\/wp-json\/wp\/v2\/types\/page"}],"author":[{"embeddable":true,"href":"http:\/\/akisikfiltre.com.tr\/index.php\/wp-json\/wp\/v2\/users\/1"}],"replies":[{"embeddable":true,"href":"http:\/\/akisikfiltre.com.tr\/index.php\/wp-json\/wp\/v2\/comments?post=648"}],"version-history":[{"count":19,"href":"http:\/\/akisikfiltre.com.tr\/index.php\/wp-json\/wp\/v2\/pages\/648\/revisions"}],"predecessor-version":[{"id":877,"href":"http:\/\/akisikfiltre.com.tr\/index.php\/wp-json\/wp\/v2\/pages\/648\/revisions\/877"}],"wp:attachment":[{"href":"http:\/\/akisikfiltre.com.tr\/index.php\/wp-json\/wp\/v2\/media?parent=648"}],"curies":[{"name":"wp","href":"https:\/\/api.w.org\/{rel}","templated":true}]}}